
Let l = -2 + 1. What are the prime factors of 0 + (7 - 2 - l)?
2, 3
Let i be 15/6 + (-2)/4. Suppose -5*s = 25, 3*h = 2*h + i*s + 12. What are the prime factors of h?
2
Let c be 1 + 2 + -3 - -2. Let h be 3*(-2)/(-6)*8. What are the prime factors of h + (2*-1)/c?
7
Let d be (-24)/60 + 102/5. List the prime factors of d*(13/(-5) + 3).
2
Let t = 44 - 23. What are the prime factors of t?
3, 7
Suppose -4*w + 6*w - 46 = 2*o, 125 = -5*o - 5*w. Let x = o - -41. List the prime factors of x.
17
Let i = -18 + 7. Let w = i + 18. What are the prime factors of w?
7
Let r = -50 - -55. What are the prime factors of r?
5
Let n(t) = t**2 - t - 1. Let z be n(-2). Suppose z*x - 21 = 124. List the prime factors of x.
29
Let g = 5 - 1. Let t(f) = -f - 3. Let p be t(-6). Suppose -j = m - 5 - p, -g*m + 17 = -j. List the prime factors of j.
3
List the prime factors of (-3 - -112)/(-1 - -2).
109
Suppose -2*f + c - 2 = -6, 0 = 2*c. Suppose 4*d + 4*b = -0*d + 4, 3*d - 43 = 5*b. Let t = f + d. What are the prime factors of t?
2
What are the prime factors of (-18)/117 + (-1029)/(-13)?
79
Let q = -6 + 7. List the prime factors of (q - 2)/((-4)/20).
5
Suppose 0 = c + 4*m - 11, -3*m + 24 + 20 = 4*c. List the prime factors of c.
11
Let t be 10/4*(-18)/15. Let j = 3 - t. What are the prime factors of j?
2, 3
Let z be 15/6*18/15. Suppose 3*w = -z*h - 0*h + 99, 2*h + 124 = 3*w. Let y = -25 + w. What are the prime factors of y?
13
What are the prime factors of 145/(-15)*-3 + 1?
2, 3, 5
Let m be ((-9)/(-6))/(3/2). Let d = m - -1. What are the prime factors of d?
2
Let a = 56 - 80. Let d = a - -34. List the prime factors of d.
2, 5
Let v(y) = -3*y - 5*y + 9*y**2 + 3*y**3 - 2*y**3 + 3 - 2*y**3. Let t be v(8). Let j(o) = o**2 + o + 3. What are the prime factors of j(t)?
3, 5
Suppose -86 + 481 = 5*s. What are the prime factors of s?
79
Let f = 108 - 63. Suppose -3*t - 5*b + 37 = 0, -f = -4*t + b + 12. List the prime factors of t.
2, 7
Suppose -5*l + 135 = -0*l. Suppose -5*u + 5*r = 15, r = -2*u - 3*u - l. Let g = u + 8. What are the prime factors of g?
3
Let a be 5894/(-49) - (-4)/14. What are the prime factors of (-2)/12 - 2780/a?
23
Suppose 3*w = -3*b - 2*b + 148, 20 = -5*w. What are the prime factors of b?
2
Let k(p) = p**2 - 12*p + 13. Let q be k(11). Suppose -q*y - 3*z - 15 = -80, z = -2*y + 59. What are the prime factors of y?
2, 7
Let i(l) = -l**3 + 3*l**2 - l + 8. Let y(w) = -w**3 + 3*w**2 - 2*w + 9. Let c(h) = 5*i(h) - 4*y(h). Let t be 6/(-2)*(3 + -4). List the prime factors of c(t).
13
Let b(o) = -18*o - 1. Let u be b(-2). Let c = u - 17. List the prime factors of c.
2, 3
Let b = -1 + 25. What are the prime factors of b?
2, 3
Suppose 3*u = 3*n + 114, 0 = -2*u - 4*n + 5*n + 80. What are the prime factors of u?
2, 3, 7
Suppose 5*q - 3*f - 39 = 2*q, q - 3*f - 7 = 0. List the prime factors of q.
2
Let f(n) be the first derivative of 0*n + n - 4*n - 4*n**2 + 2. What are the prime factors of f(-2)?
13
Let c = -12 - -28. Let u = c + -1. What are the prime factors of u?
3, 5
Let o(f) = -f**2 - 13*f - 15. Let k be o(-12). Let b = k + 5. Let v = 3 + b. List the prime factors of v.
5
Suppose 5*z - 61 = -m + 105, 0 = -2*z + 4*m + 84. What are the prime factors of z?
2, 17
Let g(b) = b**2 + 7*b + 8. Let x(q) = -4. Let n(y) = -1. Let z(v) = -7*n(v) + 2*x(v). Let m(u) = -g(u) - 4*z(u). What are the prime factors of m(-6)?
2
Suppose -6*p + 1155 = -p. List the prime factors of p.
3, 7, 11
List the prime factors of 1/((-3)/(-98 + 2)).
2
Let u be 57/(-11) + 4/22. Let k(v) = -2*v + 4. List the prime factors of k(u).
2, 7
Let a(i) = 8*i - 11. Let f be a(10). Let v = -48 + f. What are the prime factors of v?
3, 7
Let a be (-2)/(-3) - (-58)/3. Let u = a - 11. Suppose -13 - u = -s. What are the prime factors of s?
2, 11
Let s = -10 - -17. Let t(o) = 4*o - o**2 + 2*o - 9 + 3*o. What are the prime factors of t(s)?
5
Let j(v) = v**2 - 7. What are the prime factors of j(-4)?
3
Suppose 8*v + 60 = 10*v. What are the prime factors of v?
2, 3, 5
Let d be -3 + (2 + 47 - 3). Let n = -26 + d. List the prime factors of n.
17
Let n(u) = 48*u + 1. List the prime factors of n(1).
7
Suppose 505 = 3*u + 43. List the prime factors of u.
2, 7, 11
Let o(t) = t**3 - 2*t**2 - 3*t + 3. Let r be o(3). Suppose r*v - 2 - 4 = 0. What are the prime factors of v?
2
Suppose -d - 33 = -3*b, -5*d + b - 34 - 117 = 0. What are the prime factors of (16/(-10))/(4/d)?
2, 3
Suppose -2*z - 20 = o - 83, 0 = 4*z + 5*o - 135. List the prime factors of z.
2, 3, 5
Suppose 0 = 5*f - 4*y + 20, 3*y + y - 20 = 3*f. Suppose f = 3*s - 24. Suppose -12 = 4*o - s*o. List the prime factors of o.
3
Let t = -24 + 26. What are the prime factors of (-90)/(-3) - (2 + t)?
2, 13
Suppose 0 = p - 2*p - 5*h + 56, 2*h + 100 = 3*p. Suppose -6 = 2*u - p. What are the prime factors of u?
3, 5
Suppose 5*l + 69 = 9. Let b = l + 17. What are the prime factors of b?
5
Let n(v) = v**2 - v + 6. Let b(p) = 2*p**2 - p + 5. Let z(w) = 2*b(w) - 3*n(w). Let d be z(-6). Let q = -11 + d. List the prime factors of q.
11
Let k = 4 + 9. Suppose 4*i - 88 = 2*q, -1 + k = i - 3*q. List the prime factors of i.
2, 3
Suppose -4*k = -4*u - 40, -6*u + u = -2*k + 8. What are the prime factors of k?
2, 7
Let c be (2 - 24) + 1*-1. Let k = c + 36. What are the prime factors of k?
13
Let w(k) = 3*k**2 - 19*k - 6. What are the prime factors of w(9)?
2, 3, 11
Suppose 0 = -4*v + 7 + 1. What are the prime factors of -2 - (-22 + 2 + v)?
2
Let b = 3 + 2. Suppose 5*t = b*f + 15, 3*t - 6*t = 4*f - 9. List the prime factors of (2 - f)/2*7.
7
Suppose -b - l = 4 + 5, 2*b = 4*l - 24. What are the prime factors of 5/(b/6) - -17?
2, 7
Let o = 0 + 7. Suppose -25 - o = -2*q. What are the prime factors of q?
2
Let q(b) = b**2 + 7*b - 13. List the prime factors of q(4).
31
Let q = -5 - -2. Let l = q - -17. Suppose -3*h + l = h + 2*z, -4*h - z + 17 = 0. List the prime factors of h.
5
Suppose 3*l + l = 176. Suppose 2*b + 2*b = l. Suppose -2*f + b = -1. List the prime factors of f.
2, 3
Suppose 5*s = 3*o - 38, -5*s + 0*s = -5*o + 60. Suppose -9 = -4*t + o. Suppose -2*c - p = -26, -6*c + t*p = -5*c + 9. What are the prime factors of c?
11
Suppose -a + 5*a - 23 = k, -4*a + 17 = k. List the prime factors of a.
5
Let j(c) = c - 3. Let z be j(3). Let m(y) = y**3 - y**2 + y + 37. What are the prime factors of m(z)?
37
Let u(k) = -17*k**3 - 2*k**2 - 3*k - 5. List the prime factors of u(-2).
3, 43
Let z = 0 + 7. Let l be (-5 + z)/(1/2). Suppose 65 + 7 = l*o. What are the prime factors of o?
2, 3
Let p be (0 + 1)/(6/6). Suppose -4*v + 39 + p = 0. What are the prime factors of (-4)/(-10) - (-126)/v?
13
Let w = -15 + 86. What are the prime factors of w?
71
Let j(v) = -v**3 + 3*v**2 - 2*v - 2. Let a(w) = 2*w**3 - 5*w**2 + 3*w + 4. Let u(q) = 3*a(q) + 5*j(q). List the prime factors of u(2).
2
Let h(j) = -3*j**3 - 4*j**2 - 4*j + 5. Let i(s) = -4*s**3 - 4*s**2 - 5*s + 5. Let t(d) = 3*h(d) - 2*i(d). What are the prime factors of t(-4)?
13
What are the prime factors of 8/(-14) - (4734/21)/(-6)?
37
List the prime factors of -20*(-20)/32*(4 + 0).
2, 5
Suppose -6*o = -10*o + 16. Suppose 124 = o*j - 20. What are the prime factors of j?
2, 3
Let a(l) = -l**3 - 10*l**2 + l + 10. Suppose 5*o = 2*o - 30. Let p be a(o). Suppose p*f + 5*b = -2*f, 0 = -5*f - 5*b + 15. List the prime factors of f.
5
What are the prime factors of ((-1)/(1 + -2))/((-1)/(-61))?
61
Let n = -66 - -71. List the prime factors of n.
5
What are the prime factors of 14/(-35) - 1/5*-307?
61
What are the prime factors of 4/(2 + 12/(-9))?
2, 3
Suppose -5*z + 169 = 4*n, 4*z - 54 = 2*z - 5*n. List the prime factors of z.
37
Suppose 0 = -2*k + 4*f - 0 - 10, -10 = -2*f. Let s(y) = 2*y**2 - 6*y + 3. What are the prime factors of s(k)?
23
Let t(k) = 14*k**2 + 2*k - 2. Suppose -2*o = -3*o - 2. Let u be t(o). Suppose -8*h + 3*n = -3*h - 88, n = -3*h + u. List the prime factors of h.
17
Let l = 12 - 18. Let c = -3 - l. Let d = 9 + c. List the prime factors of d.
2, 3
Let u(l) = l**2 - 5*l + 3. Let d(a) = -a**3 - 7*a**2 + 9*a + 8. Let s be d(-8). Suppose 0*c - c + 6 = s. List the prime factors of u(c).
3
Suppose -u = 3*u - 5*t + 77, 4*t = 4. Let m be -30*((-4)/(-5))/(-1). What are the prime factors of (u/(-4))/(9/m)?
2, 3
Let z(b) = -2*b + 7. Let q be z(6). Let c(o) = o**3 + 5*